{"id":219,"date":"2023-04-17T12:24:21","date_gmt":"2023-04-17T15:24:21","guid":{"rendered":"https:\/\/brinkbi.com.br\/?post_type=product&#038;p=219"},"modified":"2023-04-17T12:24:32","modified_gmt":"2023-04-17T15:24:32","slug":"balanca-de-cozinha-digital10kg-copia","status":"publish","type":"product","link":"https:\/\/brinkbi.com.br\/index.php\/produto\/balanca-de-cozinha-digital10kg-copia\/","title":{"rendered":"Balan\u00e7a de cozinha digital10kg (c\u00f3pia)"},"content":{"rendered":"<h2 class=\"ui-pdp-description__title\">Descri\u00e7\u00e3o<\/h2>\n<p class=\"ui-pdp-description__content\">A balan\u00e7a de cozinha SF-400 da Electronic tem uma fun\u00e7\u00e3o TARA, que permite calcular o peso do recipiente que voc\u00ea est\u00e1 usando e depois retornar a 0 para que voc\u00ea possa pesar os ingredientes da sua receita sem erros.<br \/>\nEla tamb\u00e9m tem um indicador de bateria fraca e desligamento autom\u00e1tico.<\/p>\n<p>Ideal para voc\u00ea<br \/>\nSeu sistema digital se destaca por sua precis\u00e3o, pois fornece valores altamente precisos com uma margem de erro m\u00ednima.<\/p>\n<p>Precis\u00e3o e confiabilidade<br \/>\nSe voc\u00ea cozinha em grandes quantidades, esta balan\u00e7a \u00e9 o que voc\u00ea precisa. Com uma capacidade m\u00e1xima de 10 kg \u00e9 ideal para uso dom\u00e9stico e profissional, permitindo pesar cada item sem ter que dividi-los em partes.<br \/>\nPor outro lado, sua sensibilidade de 1 g \u00e9 capaz de detectar valores muito pequenos, permitindo medir at\u00e9 a quantidade m\u00ednima do tempero estrela que dar\u00e1 a marca pessoal \u00e0s suas comidas.<\/p>\n","protected":false},"excerpt":{"rendered":"<ul class=\"ui-pdp-features mt-24\">\n<li class=\"ui-pdp-features__item\">Sensibilidade de 1g.<\/li>\n<li class=\"ui-pdp-features__item\">Possui fun\u00e7\u00e3o Tara.<\/li>\n<li class=\"ui-pdp-features__item\">Funciona com 2 pilhas AA.<\/li>\n<li class=\"ui-pdp-features__item\">Suporta at\u00e9 10kg.<\/li>\n<li class=\"ui-pdp-features__item\">A medida certa para todos os tipos de prepara\u00e7\u00f5es.<\/li>\n<li class=\"ui-pdp-features__item\">Ideal para pesar ingredientes com grande precis\u00e3o.<\/li>\n<li class=\"ui-pdp-features__item\">As imagens podem ser ilustrativas.<\/li>\n<\/ul>\n","protected":false},"featured_media":165,"comment_status":"open","ping_status":"closed","template":"","meta":[],"product_brand":[],"product_cat":[31],"product_tag":[],"class_list":{"0":"post-219","1":"product","2":"type-product","3":"status-publish","4":"has-post-thumbnail","6":"product_cat-ultilidades","8":"first","9":"instock","10":"taxable","11":"shipping-taxable","12":"purchasable","13":"product-type-simple"},"_links":{"self":[{"href":"https:\/\/brinkbi.com.br\/index.php\/wp-json\/wp\/v2\/product\/219","targetHints":{"allow":["GET"]}}],"collection":[{"href":"https:\/\/brinkbi.com.br\/index.php\/wp-json\/wp\/v2\/product"}],"about":[{"href":"https:\/\/brinkbi.com.br\/index.php\/wp-json\/wp\/v2\/types\/product"}],"replies":[{"embeddable":true,"href":"https:\/\/brinkbi.com.br\/index.php\/wp-json\/wp\/v2\/comments?post=219"}],"wp:featuredmedia":[{"embeddable":true,"href":"https:\/\/brinkbi.com.br\/index.php\/wp-json\/wp\/v2\/media\/165"}],"wp:attachment":[{"href":"https:\/\/brinkbi.com.br\/index.php\/wp-json\/wp\/v2\/media?parent=219"}],"wp:term":[{"taxonomy":"product_brand","embeddable":true,"href":"https:\/\/brinkbi.com.br\/index.php\/wp-json\/wp\/v2\/product_brand?post=219"},{"taxonomy":"product_cat","embeddable":true,"href":"https:\/\/brinkbi.com.br\/index.php\/wp-json\/wp\/v2\/product_cat?post=219"},{"taxonomy":"product_tag","embeddable":true,"href":"https:\/\/brinkbi.com.br\/index.php\/wp-json\/wp\/v2\/product_tag?post=219"}],"curies":[{"name":"wp","href":"https:\/\/api.w.org\/{rel}","templated":true}]}}